vative of s**5/30 + s**4/12 + 5*s**3/2 - 6*s**2. Suppose 0 = 3*k - 5*x + 4, 33 + 1 = 2*k + 4*x. Is c(k) prime?
True
Suppose -22*a + 32 = -26*a. Let f be (-60435)/(-20) - (-6)/a. Suppose 5*k = 8*k - f. Is k composite?
True
Suppose 14*h - 32 = 38. Suppose 2*x + 2*x - 55812 = -h*f, -f - 55812 = -4*x. Is x composite?
True
Let o(l) = -20 + 7 + 30*l - 27*l. Let g be o(5). Suppose 5*n - g*s - 4587 = 0, -3*s = n - 398 - 533. Is n prime?
True
Suppose 5*v + g - 15 = 0, -2*v + 2*g + 12 = 2*v. Is 10900 + -7 + v + 7 a composite number?
False
Let z = -16230 + 286081. Is z prime?
True
Is (-2)/35 - (-444153547)/6335 a composite number?
False
Let k(t) = 400*t - 183. Suppose 14*b - 104 = 78. Is k(b) a prime number?
False
Suppose -r = 16 - 20. Suppose -n + 567 = -y, r*n - 2260 = -5*y + 7*y. Is n prime?
True
Let i(h) = h**3 + 114*h**2 + 26*h - 437. Is i(-108) prime?
True
Is (-15)/55 - (-10280598)/33 composite?
False
Suppose 0 = 5*h + 2*u - 23, -5*h - 5*u + 18 = -2. Suppose h*s = 0, 131824 - 43110 = 2*y - 4*s. Is y prime?
True
Suppose 179*n + 52263461 = 164885070. Is n prime?
True
Let k(u) = -u**3 - 12*u**2 + 10*u + 41. Suppose -5*r - 52 = -r. Let o be k(r). Suppose 0 = -3*f + 2 - 14, -o = -4*c - 5*f. Is c composite?
True
Let n be (-1 - -1)*(-98)/588. Suppose 6*t - 25233 - 4581 = n. Is t composite?
False
Let d(h) = -4*h**3 + 7*h**2 + 10*h + 2. Let n be d(-2). Let s = n - 46. Is s/((-12)/9)*137 prime?
False
Suppose -59866 = -3*c - 4*n, 2*n + 27664 + 32160 = 3*c. Is c a prime number?
False
Suppose -5*h - 2*w + 81012 + 302739 = 0, -2*h = 14*w - 153606. Is h a prime number?
False
Suppose -20*d + 159 = -17*d. Let t = -1241 + d. Let v = 2987 + t. Is v a composite number?
True
Let h(p) = 21*p - 128. Let j be h(7). Suppose j*d - 26427 = 16*d. Is d prime?
False
Let u = -590 - -1275. Is 381/(1385/u + -2) prime?
False
Suppose -7 = -6*a + 5. Suppose -a*k + 5*k = -2*h + 200, -2*k - 384 = -4*h. Suppose 3*g = 2*g + h. Is g composite?
False
Let z(t) = 11*t**2 - t - 13 + 7 - 21*t. Is z(7) a prime number?
True
Suppose 6*f = -h + 7*f + 4, 30 = 4*h + 3*f. Is (5/((-10)/(-20323)))/(3/h) a composite number?
False
Let q(p) = p**3 + 8*p**2 + 2*p - 15. Let k be q(-7). Is (-31470)/(-50) - 8/k prime?
False
Let v(a) = -30*a**3 - 3*a**2 - 19*a - 5. Is v(-4) a composite number?
True
Is (4 - -1) + ((-1)/2)/(2/(-92696)) composite?
True
Let w(u) = u**3 - 8*u**2 - 8*u + 11. Let s be w(9). Let z(o) = s*o + 7 - 26 + 50. Is z(18) a composite number?
True
Let d = 9 + -9. Let y be (-27 + 11)*(d + 1)/(-2). Suppose -4*z = -y*z + 492. Is z prime?
False
Let q = -76 - -84. Let b(z) = 37*z**2 - 3*z + 27. Is b(q) composite?
False
Let d(m) = 37*m + 26. Let q = 91 - 86. Is d(q) a prime number?
True
Suppose -824333 + 1118988 = 16*c - 5792017. Is c prime?
True
Let g = 5670 + -1926. Let l = g + -1585. Is l a prime number?
False
Let j(r) be the second derivative of r**4/12 - 4*r**3/3 - r**2 - 5*r. Let o be j(8). Is (-6)/o*1534/26 composite?
True
Let m(r) = 596*r + 14. Let b be m(-6). Let n be b/(-10) + 12/15. Suppose n + 8911 = 4*q. Is q a prime number?
False
Suppose 3*m = -p + 13831, -5*p + 33369 = 3*m - 35810. Is p composite?
True
Let u be (30/(-1) - -1)*(-11 + 10). Let h = u - 24. Suppose -5*b - 2143 - 1277 = -h*y, y - 678 = -b. Is y prime?
False
Let k be (-3595)/(-45) - (-5)/45. Is 2 + k/(-36) + (-128189)/(-9) a prime number?
True
Let v be 576/(-18) + (-2)/2. Let k be (-1)/3 + (-308)/v. Let u(g) = 2*g**3 - 10*g**2 - 10*g - 1. Is u(k) prime?
True
Suppose 0 = -4*b + 5*t + 308241, -116*b + 121*b + 4*t = 385373. Is b composite?
False
Is (20714/(-5))/((-292)/2190) a prime number?
False
Suppose -6*s - 5*t = -4795701, 2667221 + 529925 = 4*s + 2*t. Is s a composite number?
False
Let v(o) = o**3 - 12*o**2 - 14*o + 12. Let l be v(13). Let j = -14 - l. Is (-787)/(-3)*(-39)/j a prime number?
True
Let f(d) = 6*d - 168. Let b be f(36). Is (24/b)/(3/155646) a prime number?
False
Is ((-3234)/(-735))/(4/67330) a prime number?
False
Is (-45328)/24*(25/(-2) - -2) prime?
False
Let m be (-3 - (-602)/5) + (-4)/10. Let t = 113 + m. Let v = 444 - t. Is v composite?
True
Suppose -5*v = -0*v - 15, -3*k + 1314 = 4*v. Suppose r - w - 58 = k, 3*r + 4*w = 1511. Is r prime?
False
Let k(q) = 12256*q + 719. Is k(6) composite?
True
Let i(c) be the second derivative of 179*c**4/12 - c**3/6 + 3*c**2/2 - c. Let w be i(-2). Suppose -5*x - w = -6*x. Is x a prime number?
False
Let w(a) = -57*a**2 + 14*a + 7. Let l(u) = -28*u**2 + 7*u + 3. Let x(o) = -5*l(o) + 2*w(o). Is x(-3) a prime number?
False
Let l(h) = 1359391*h**3 - 13*h**2 + 29*h - 16. Is l(1) prime?
False
Is (1 - 15/10)*(6 + 51218*-4) a prime number?
True
Let u(g) = 45702*g**2 + 10*g - 19. Is u(2) a composite number?
True
Let r = -2 + 4. Let t = -114 - -190. Suppose 36 = r*x - 0*y + 4*y, 5*y + t = 3*x. Is x a prime number?
False
Suppose 41*l = -4*m + 43*l + 39152, -4*l - 39160 = -4*m. Let o be (8/5)/((-1)/(-5)). Suppose 2*n = o*n - m. Is n a composite number?
True
Suppose 0 = 39*l - 46*l - 137347. Let f = 31692 + l. Is f prime?
True
Is 1 - (53052/10)/((-13)/390) prime?
True
Suppose 4*a - 425223 - 111570 = -3*c, 0 = 2*c - a - 357884. Is c a prime number?
True
Let g be (15/22 + (-8)/44)*-19752. Let u = g + 14645. Is u a composite number?
True
Let v = 558 + -550. Is (-2)/(1*v/(-69604)) prime?
True
Let h = -6350 + 12661. Is h a prime number?
True
Let f be 16/(-6) - 5/15. Is ((-6)/(-4))/(7/((-4634)/f)) a prime number?
True
Let x = 23 + -18. Suppose 0 = -2*s + 2*z + 3*z + 1668, 4*s = -z + 3292. Suppose x*p - 2859 + s = 0. Is p a prime number?
False
Let v = 2654 + -4475. Let w = v - -3476. Is w prime?
False
Let l be (-3 - ((-9)/3 - 2)) + 1. Suppose l*j - 12556 = -5*q, 20936 = 5*j + 6*q - 7*q. Is j a composite number?
True
Suppose -4*b = y - 4352, -2*b + 0*b = -y - 2170. Is b a composite number?
False
Suppose -9*d + d = 704. Let v be (-8)/3*198/d. Suppose -3 = 7*q - v*q, -3*z + 1734 = 5*q. Is z composite?
True
Suppose -8405 = 30*i - 1925. Is 1840/6 + -12*6/i a composite number?
False
Suppose -4*l = -3*l - 2*s - 31, 0 = 3*s - 6. Is ((-814950)/l)/(-6) - (-2)/7 composite?
False
Is 14/25*(-561995600)/(-280) - (-2)/(-10) a composite number?
True
Suppose 147*g + 3*r - 5022 = 144*g, 2*g - 2*r - 3328 = 0. Is g a prime number?
True
Suppose -5*x + 2*x - 5*a = -353120, 3*x - 2*a - 353134 = 0. Suppose 132883 + x = 7*f. Is f a prime number?
False
Is 1*-478334*(8 - (-434)/(-56))*-2 composite?
False
Let r = -193299 + 1276828. Is r composite?
True
Suppose -9 = -6*g + 9. Suppose -g*p + 3598 - 323 = 2*o, 8153 = 5*o - 4*p. Let r = o - 930. Is r composite?
True
Suppose 25*b - 670 - 755 = 0. Suppose 71*h - b*h = 53354. Is h prime?
False
Suppose 3270 = -5*k - 3*c, 3*k + 2594 = -k + 2*c. Suppose -3*a + 1545 + 1575 = 0. Let n = a + k. Is n composite?
False
Suppose -21*d = -19*d - 22. Let u be 15530/(-80) + 2/16. Let s = d - u. Is s composite?
True
Suppose 0 = -33*j + 492679 + 2361722. Is j composite?
True
Let o = 682 - 673. Suppose 293805 = o*s - 0*s. Is s composite?
True
Let s be 4*(1 - (-1 + -1 - -12)). Let k = -30 - s. Is 4*k/(-36)*2361/(-2) a prime number?
True
Let u = 25 + -15. Suppose -u*d + 3*d + 26817 = 0. Is d prime?
False
Let o = -177 - -138. Let n = 44 - o. Is n a prime number?
True
Suppose -9*d = d - 110. Suppose -3*l + d*t = 7*t - 14351, l - t - 4785 = 0. Is l composite?
False
Let x(n) = 238*n**3 + 2*n + 1. Let f(j) = 5*j - 16. Let m be f(3). Let w be x(m). Let b = 1017 + w. Is b composite?
True
Let o be (-5)/1 - (-267327)/9 - 1. Suppose 3*v + 3*i = 29697, -14*v = -11*v - 3*i - o. Is v composite?
True
Suppose -3*k + 11 = -5*s - 16, -3*k = -2*s - 18. Let w(p) be the third derivative of 73*p**5/60 + p**4/3 - 7*p**3/6 - 18*p**2. Is w(k) prime?
True
Let n be (-454748)/3 + 36/54. Is (-2 - 0)*n/76 a composite number?
False
Let h(z) = z**3 - 3*z + 319201. Is h(0) prime?
True
Let m = -11 + 28. Suppose -2*r - 7 = -1, 5*t = -r + m. Suppose 2*u - 286 = -0*u + t*v, 3*u = v + 444. Is u composite?
False
Let s = -32727 - -110404. Is s prime?
False
Suppose 77*a + 33*a = 5351170. Is a composite?
False
Suppose 34*p - 1389233 = -297561. Suppose 2*w + 64200 = 4*z, 15*z - 13*z - p = -3*w. Is z a prime number?
False
Suppose 7474163 - 56170364 = -27*z. Is z a prime number?
True
Suppose -18*f = -6*f - f - 7022653. Is f a composit